{"id":28,"date":"2011-07-25T00:37:10","date_gmt":"2011-07-24T22:37:10","guid":{"rendered":"http:\/\/www.doedelig.at?page_id=28"},"modified":"2018-03-21T15:11:04","modified_gmt":"2018-03-21T14:11:04","slug":"herr-dodelig","status":"publish","type":"page","link":"https:\/\/www.doedelig.at\/?page_id=28","title":{"rendered":"bin&#8230;"},"content":{"rendered":"<pre><strong>Stefan Wasserbauer\r\n\r\n\r\n<a href=\"http:\/\/www.doedelig.at\/wp-content\/uploads\/2011\/07\/PB_01_doe.jpg\"><img decoding=\"async\" loading=\"lazy\" class=\"alignnone size-full wp-image-929\" src=\"http:\/\/www.doedelig.at\/wp-content\/uploads\/2011\/07\/PB_01_doe.jpg\" alt=\"PB_01_doe\" width=\"130\" height=\"130\" \/><\/a>\r\n\r\n\r\n\r\nComic\/Karikaturen Ver\u00f6ffentlichungen\r\nin der Hessische Allgemeine (HNA)\r\n<\/strong>Ausgabe Nr.160 (Donnerstag, 13.Juli 2017)\r\n<strong>im Magazin KAPUzine<\/strong>:\r\nAusgabe November\/Dezember 2010\r\nAusgabe J\u00e4nner\/Februar 2011\r\n\r\n\r\n<strong>K\u00fcnstlerischer Werdegang\r\n<\/strong>2017                    teilnahme an der \"Sommerakademie f\u00fcr Komische Kunst 2017\" in der Caricatura \u2013 Galerie f\u00fcr Komische Kunst, Kassel\r\n\r\n2015                    Abschlu\u00df des Bachelorstudiums Grafikdesign &amp; Fotografie an der Kunstuniversit\u00e4t Linz\r\n2015                    teilnahme an der Ausstellung \"Lichtenberg Reloaded\" im Wilhelm Busch Museum in Hannover \r\n2015                    teilnahme an der Ausstellung \"Lichtenberg Lacht\" in G\u00f6ttingen<\/pre>\n<pre>2014                    teilnahme an der \"Sommerakademie f\u00fcr Komische Kunst 2014\" in der Caricatura \u2013 Galerie f\u00fcr Komische Kunst, Kassel                \r\n2014                    absolvierte ich ein Auslandssemester in Cardiff\/Wales, in der Studienrichtung Illustration.\r\n\r\nseit 2011               Studium: Grafikdesign &amp; Fotografie an der Kunstuniversit\u00e4t Linz\r\n2009 und 2010           Comic &amp; Karikaturkurse bei G\u00fcnter Mayer alias Peng\r\nseit 2008               intensive Auseinandersetzung mit Comics\r\nseit jeher              begeisterter Zeichner  \r\n\r\n\r\n<strong>Beruflicher Werdegang<\/strong>\r\n2009 \u2013 2010             Zivildienst im Altenheim Kremsm\u00fcnster\r\nseit 24. Juni 2008 \tTischlereigeselle\r\n2005 \u2013 2008  \t        Tischlereilehre\r\n\r\n\r\n<strong>Schulbildung in Wartberg an der Krems<\/strong>\r\n2004 \u2013 2005 \t        Polytechnische Schule\r\n2000 \u2013 2004\t        Hauptschule\r\n1996 \u2013 2000  \t        Volksschule \r\n\r\n\r\n19. Februar 1990 \tgeboren in Wartberg an der Krems, Ober\u00f6sterreich\r\n\r\n<strong>\r\nArbeiten die, in Cardiff, in Illustration entstanden sind.<\/strong> \r\nProjekt 1: <a title=\"http:\/\/stexanmusterx.wordpress.com\/\" href=\"http:\/\/stexanmusterx.wordpress.com\/\" target=\"_blank\" rel=\"noopener\"><em>http:\/\/stexanmusterx.wordpress.com\/<\/em><\/a>\r\nProjekt 2: <a title=\"http:\/\/stexanmx.wordpress.com\" href=\"http:\/\/stexanmx.wordpress.com\" target=\"_blank\" rel=\"noopener\"><em>http:\/\/stexanmx.wordpress.com\r\n\r\n\r\n\r\n<\/em><\/a><\/pre>\n","protected":false},"excerpt":{"rendered":"<p>Stefan Wasserbauer Comic\/Karikaturen Ver\u00f6ffentlichungen in der Hessische Allgemeine (HNA) Ausgabe Nr.160 (Donnerstag, 13.Juli 2017) im Magazin KAPUzine: Ausgabe November\/Dezember 2010 Ausgabe J\u00e4nner\/Februar 2011 K\u00fcnstlerischer Werdegang 2017 teilnahme an der &#8222;Sommerakademie f\u00fcr Komische Kunst 2017&#8220; in der Caricatura \u2013 Galerie f\u00fcr Komische Kunst, Kassel 2015 Abschlu\u00df des Bachelorstudiums Grafikdesign &amp; Fotografie an der Kunstuniversit\u00e4t Linz 2015 [&hellip;]<\/p>\n","protected":false},"author":1,"featured_media":0,"parent":0,"menu_order":0,"comment_status":"open","ping_status":"open","template":"","meta":[],"_links":{"self":[{"href":"https:\/\/www.doedelig.at\/index.php?rest_route=\/wp\/v2\/pages\/28"}],"collection":[{"href":"https:\/\/www.doedelig.at\/index.php?rest_route=\/wp\/v2\/pages"}],"about":[{"href":"https:\/\/www.doedelig.at\/index.php?rest_route=\/wp\/v2\/types\/page"}],"author":[{"embeddable":true,"href":"https:\/\/www.doedelig.at\/index.php?rest_route=\/wp\/v2\/users\/1"}],"replies":[{"embeddable":true,"href":"https:\/\/www.doedelig.at\/index.php?rest_route=%2Fwp%2Fv2%2Fcomments&post=28"}],"version-history":[{"count":56,"href":"https:\/\/www.doedelig.at\/index.php?rest_route=\/wp\/v2\/pages\/28\/revisions"}],"predecessor-version":[{"id":1023,"href":"https:\/\/www.doedelig.at\/index.php?rest_route=\/wp\/v2\/pages\/28\/revisions\/1023"}],"wp:attachment":[{"href":"https:\/\/www.doedelig.at\/index.php?rest_route=%2Fwp%2Fv2%2Fmedia&parent=28"}],"curies":[{"name":"wp","href":"https:\/\/api.w.org\/{rel}","templated":true}]}}